 g(j) = j - 1. Give g(f).
-6
Let w(f) = 13 - 13 + f. Suppose 0 = -3*l + 9 + 3. Suppose l*k - 21 = u, -5*k + 0*k + 15 = u. Give w(u).
-5
Let k be 6 - (2/(-4)*-4 - -2). Let f(w) = w**3 - 2*w**2 - 2*w + 2. What is f(k)?
-2
Let r = -7 - -11. Let w(v) = 0*v**2 - v**3 + 1 - 2*v**2 - 2*v**2 - r*v. Let k = -28 - -25. What is w(k)?
4
Let w(v) be the second derivative of 1/2*v**4 - 1/2*v**2 - 1/20*v**5 + 0*v**3 + 0 + 4*v. Calculate w(6).
-1
Let g(n) = n**2 - 2*n - 1. Let b be g(2). Let x(p) = -p. Give x(b).
1
Let l(c) be the second derivative of -c**4/12 - c**3/6 + 3*c**2/2 + 4*c. Give l(0).
3
Let l(p) = -2*p + 2. Let w be l(2). Let c(k) = -k**3 - 6*k**2 - k - 1. Let y be (-4)/3*(-2 - 1). Let f(d) = -d**2. Let a(i) = y*f(i) - c(i). What is a(w)?
-1
Let n(b) = -2*b**2 + b - 2. Let j = -10 + 6. Let s be (-6)/24 + 7/j. Determine n(s).
-12
Let w(v) be the first derivative of -1/6*v**3 + 3 + 1/24*v**4 + 0*v + 1/60*v**5 + 3/2*v**2. Let k(i) be the second derivative of w(i). Calculate k(0).
-1
Let y(t) be the first derivative of t**6/360 - t**5/15 + t**4/6 + t**3 - 1. Let o(d) be the third derivative of y(d). Give o(7).
-3
Suppose 3*y - 31 = -4*i + 2*i, -3*y + 5*i = -17. Let w be (-8)/(-3) + 3/y. Suppose -3*x = -5*f + 22, 1 - 5 = w*x + 4*f. Let r(m) = m**2 + 4*m. Give r(x).
0
Let r = -76 - -75. Let d(a) be the second derivative of -a**6/360 - a**5/60 - a**4/24 - a**3/6 + a. Let s(q) be the second derivative of d(q). Calculate s(r).
0
Let c be ((-4)/(-12))/((-4)/60). Let a(z) = 3*z + 2. Calculate a(c).
-13
Let d(x) = -6 - 2 + 16 + x. Give d(-7).
1
Suppose -3*q + 0*q - 12 = 0. Let t(n) = n + 4. Let i(z) = -z - 7. Let y(b) = 2*i(b) + 5*t(b). Determine y(q).
-6
Let u(i) = -22*i. Let w = -102 + 103. Give u(w).
-22
Let f = -17 - -21. Let l(a) = -a**2 + 5*a + 2. Determine l(f).
6
Let t(y) = y + 4. Let p(x) = -x**3 + 2*x. Let g be p(-2). Suppose n + g = 0, 0 = 3*d - 3*n - 2*n - 35. What is t(d)?
9
Let v(n) be the third derivative of n**6/120 - n**5/10 + n**4/8 + 5*n**3/6 + 46*n**2. Determine v(5).
-5
Let h(m) = m - 10. Let g(b) = -b**2 + 2*b + 1. Let i be g(2). Let w(t) = -1. Let c(k) = i*h(k) - 6*w(k). Suppose -2*l - l = -18. What is c(l)?
2
Let x(s) = s**3 + 7*s**2 + 5*s + 5. Let m = 18 + -24. Determine x(m).
11
Let h = 51 - 54. Let p(x) = -x**3 - 3*x**2 + 4*x + 3. What is p(h)?
-9
Let q(x) = x**3 - x**2 + x + 1. Let w = -13 - -14. Let a be 2 - (0 - 0)*w. Determine q(a).
7
Suppose -m = -0*m + 2*t - 13, 4*t = 4*m + 8. Let v(x) be the first derivative of x**4/4 - 5*x**3/3 + 3*x**2/2 + 3*x - 3. What is v(m)?
-6
Let t(w) = 9*w**3 - 2*w**2 - 2*w - 1. Suppose 0 = f + 3*f + 8. Let b = f + 1. Give t(b).
-10
Let s(u) be the first derivative of 2*u**2 - 7*u + 1. Let r be ((-20)/(-50))/(4/50). Calculate s(r).
13
Let x(m) = -6 + 0 - 1 - 1 - m**2 + 6*m. Give x(6).
-8
Suppose -12 = -4*c - 4. Let r be (-10)/c + -1 + 1. Let x(p) = -p**3 - 4*p**2 + 5*p + 7. Determine x(r).
7
Suppose -29 + 4 = -5*t. Let y be (4 - 3)*2 - -2. Let q(o) = -o + 1. Let j(s) = s. Let i(l) = y*q(l) + 3*j(l). Give i(t).
-1
Let l(q) = 4*q - 1. Let h(k) = -k**3 - 5*k**2 + 6. Let p be h(-5). Suppose s + s = -p. Let w = -1 - s. Determine l(w).
7
Let i(d) be the third derivative of d**4/24 - 13*d**3/6 - 7*d**2. Determine i(7).
-6
Let k = 1 - 6. Let o be (-23)/(-5) + (-2)/k. Suppose -5*q + 14 = -2*a, o*q = 5*a + q + 1. Let d(j) = j - 2. Determine d(a).
1
Suppose -h = 4*q - 3*h - 34, -2*h = 2*q - 14. Let t = -10 + q. Let f(k) = 3*k + 2. Give f(t).
-4
Let x(h) = 6*h**3 - 2*h**2 + h. Let g(w) = w**3 + 3*w**2 - w - 1. Let i be g(-2). Suppose i*d = 6*d - 3. Suppose -1 + 4 = d*j. Calculate x(j).
5
Suppose 6*i - 3*i + 10 = 4*x, 3*x - 12 = 0. Let g = i + -1. Let o(b) = -5*b**2 + b + 3 - 3 + 1 - 2. Calculate o(g).
-5
Suppose 0*m = 2*q + 3*m + 10, 4*q = -m. Let t(x) = 3*x**3 - 2*x**2 + 1. Calculate t(q).
2
Let q = -1 - -4. Let g(v) = 0*v**3 + v - v**q + 5*v - 5*v**2 - 10 + 5. What is g(-6)?
-5
Let h(l) = l + 2. Let q(b) = -12*b + 2. Let j be q(1). Let g(k) = -k**3 - 10*k**2 + 4. Let i be g(j). What is h(i)?
6
Let y(n) = -4 - n**3 - n + 3*n**2 - 3 + 5. Give y(2).
0
Let d(o) be the second derivative of o**7/2520 - o**6/120 + o**5/20 - o**4/6 - 4*o. Let j(i) be the third derivative of d(i). Give j(4).
-2
Let n be 4/10 + (-30)/(-50). Let i(m) = -8*m + 3 - n + 7*m. Determine i(7).
-5
Let w(p) = -5*p + 20. Let a(o) = 2*o - 7. Let l(u) = -8*a(u) - 3*w(u). Calculate l(-4).
0
Let n(g) be the first derivative of -3*g**2 - 1/3*g**3 - 5*g + 8. Determine n(-5).
0
Let y(r) = 11*r**3 - r. Let x(i) = -3*i**2 + 28 - 56 + 29 + 5*i**2 - 2*i. Let c(f) = -f + 8. Let z be c(7). Let v be x(z). Calculate y(v).
10
Let w(y) be the second derivative of -2*y**4/3 + y**3/6 - y**2/2 + 28*y. What is w(1)?
-8
Suppose -5*f = -14 - 1. Let t(z) = 4*z**3 - 4*z**2 - 2*z - 5. Let o(i) = 3*i**3 - 4*i**2 - i - 4. Let p(a) = -3*o(a) + 2*t(a). Give p(f).
8
Let f(a) = -a - 5 + 0 - 8 + 3. Give f(0).
-10
Let t = -1 + 2. Let p(r) = 6*r - 1. Let d be p(t). Let u(f) be the first derivative of f**4/4 - 5*f**3/3 - f**2 + 7*f + 6. Determine u(d).
-3
Let k be -4 + 2 + -2 + 2 + -1. Let s(z) be the third derivative of -z**4/24 - 2*z**3/3 + z**2. What is s(k)?
-1
Suppose -2*c + 3*u = 9, -13 = 5*c - 5*u + 2. Let g(j) = j**2 - j + 9. Determine g(c).
9
Suppose 4*x - l + 5*l = -4, 0 = x + 3*l + 7. Suppose -x*m = 4*p - 5*m - 11, 0 = -p - 4*m - 2. Let k(n) = 35*n - 4*n**2 + 3*n**2 - 33*n - p. What is k(4)?
-10
Suppose z - 5 = 5*p + 6*z, -17 = 3*p - 4*z. Let f = p + -1. Let h(j) = 21*j + 30. Let u(d) = -4*d - 6. Let q(w) = -2*h(w) - 11*u(w). What is q(f)?
-2
Let d(n) be the third derivative of -n**6/120 - n**5/10 - n**4/24 - 2*n**3/3 + n**2. Suppose -i - 4 = -s + 2*s, -3*i - 8 = 5*s. What is d(i)?
2
Let j(x) be the first derivative of x**2/2 - 3*x + 5. Calculate j(5).
2
Let h(a) = 7*a**2 + a. Suppose 5*s = 2 - 7. What is h(s)?
6
Suppose -n = n - 6. Let l(b) = -2 + n*b**2 + 23*b + 3*b**2 - 22*b + b**3 - 2*b**2. Determine l(-3).
4
Let a(o) = o - 1. Suppose 0 + 3 = 3*y. Let g(d) = 2*d**3 - 4*d + 5. Let i(l) = y*g(l) + 5*a(l). Give i(1).
3
Let s(i) = 7*i + 2. Let l(y) = 3*y + 1. Let t be ((-78)/(-15))/(1/5). Let j be (-2*t/4)/1. Let f(u) = j*l(u) + 6*s(u). Determine f(-2).
-7
Let y be -2 - (-4)/(8/10). Let o be -3 + 0/3 - y. Let d(q) = q + 8. Give d(o).
2
Let s(o) = -o**3 + 6*o**2 + 4*o + 4. Let c(f) = -6*f**3 + 31*f**2 + 21*f + 21. Let v(w) = -2*c(w) + 11*s(w). Determine v(-2).
6
Suppose 0 = -2*w + 5*g + 4, -3*g = 4*w - 2*g - 8. Suppose 0 = -w*p - 3*p. Let f(t) = -4*t**2 - 2 + 2*t + 1 + p. Determine f(1).
-3
Let t(h) = -2*h - 25. Let o be t(-12). Let f(s) = s**3 - s**2 + s + 1. Calculate f(o).
-2
Let l be 11/55 + 98/10. Let f(z) = -4*z + 5*z + 2*z - 4*z + z**2 + l. Calculate f(0).
10
Suppose 0 = -2*a - 9 + 25. Suppose 0 = -k + 6*k + 25, 15 = 5*n + k. Suppose 2*j + n*y + a = -2*j, -4*y - 8 = 3*j. Let h(s) = s**3 + s**2 + s - 5. Give h(j).
-5
Let n(f) = -3 - 2 - 2 - f + 12. Calculate n(5).
0
Let d(w) = 2*w**2 - 2*w - 2. Let c be d(2). Let o(r) = -3*r + 2*r - 7 + 6 - 8*r**c. Suppose -6 = 5*l - 1. Calculate o(l).
-8
Let i(j) be the second derivative of j**3/6 - 7*j**2/2 + 9*j. What is i(4)?
-3
Let a = -2 - 2. Let i(j) = -j - 3. What is i(a)?
1
Let u(h) = 2*h - 4. Let o(i) = -3*i + 3. Let y(q) = 3*o(q) + 4*u(q). Let d = -1 - 1. Let r(p) = -1. Let k(l) = d*r(l) + y(l). What is k(0)?
-5
Let l(q) = -q + 1. Let a(z) = z**3 - z**2 - z + 2. Let k(o) = a(o) - 2*l(o). Give k(2).
6
Let n(b) = -b**2 + 10. Suppose 4 = 3*o - v, 3*v + 12 = -8*o + 4*o. Determine n(o).
10
Let n be (-3)/(-12) + (-210)/8. Let h = -31 - n. Let u(g) = -g - 3. Calculate u(h).
2
Suppose r - 1 + 0 = z, 2*z + 2 = -2*r. Let i(a) = 2*a - a**3 - 4*a**2 - a + 6*a + r*a + 5. What is i(-5)?
-5
Let n(h) = h**2 - 8*h - 13. Let x be n(9). Let z(q) = -5*q + 1. Let w(v) = -14*v + 2. Let p(d) = 3*w(d) - 8*z(d). What is p(x)?
6
Let q(y) be the second derivative of -1/20*y**5 - 1/4*y**4 + 0 + 0*y**2 + 0*y**3 - y. Give q(-3).
0
Let n(u) = u**3 + 3*u**2 + 2*u. Let a = -24 + 22. What is n(a)?
0
Let o(b) = 2 - 2*b**3 - b**2 - 5*b + 2*b**2 + 2*b. Let v be -5 + 4 + 3 - 0. Determine o(v).
-16
Let u(c) be the second derivative of 0 - 4/3*c**3 + 9/2*c**2 - c + 1/12*c**4. Give u(6).
-3
Suppose 13*x = 19*x - 60. Let v(n) = n**3 - 11*n**2 + 11*n - 10. G